a**3 - 9*a**2 + 2*a + 16. What is the units digit of l(6)?
6
Let g = 9 - 5. Suppose 5*m = -3*y + 93, 2*y - g*y = 4*m - 74. What is the tens digit of m?
1
Suppose 3 = -q + 97. What is the units digit of q?
4
Suppose -20 = -4*s + 3*t, 4*s - 18 + 6 = t. Suppose 0 = s*x - 2 - 4. Suppose -12 = -3*r + x*n, -3*r = -r + n - 2. What is the units digit of r?
2
Let r(f) be the second derivative of f**6/180 + f**5/30 - f**3/6 + f. Let u(b) be the second derivative of r(b). What is the units digit of u(-3)?
6
Let v(p) = 34*p**3 + 2*p - 1. What is the units digit of v(1)?
5
Let a = 14 - 10. Suppose -a*p + 44 = 12. What is the units digit of p?
8
Let n(t) = t**3 - t**2 - t + 4. Suppose 5*z - 3*b + 3 = 0, 3*b = -z + 5 - 2. Suppose z*u = -u. What is the units digit of n(u)?
4
Let y(x) = 3*x**2 - 15*x + 21. What is the tens digit of y(6)?
3
Let k be (-2)/9 - (-76)/18. Suppose k*z = -0*z - 4. What is the units digit of 3/1 + z - -3?
5
Suppose u + 3*k = 5*u + 3, 5*k - 5 = -2*u. Suppose u = -2*h + 4*j + 72, -5*j + 68 = 3*h - 3*j. What is the tens digit of h?
2
Let z(y) = 2*y**3 - 2*y**2 - 2*y. Let p(j) = 4*j**2 - j + 4*j**2 - 3*j**2 - 3 + j**3. Let u be p(-5). What is the units digit of z(u)?
4
Let c(a) = -a**3 + 2*a**2 + 4*a + 1. Let i(z) = z**3 - 2*z**2 - z - 3. Let u(q) = q**2 - 6*q + 3. Let r be u(6). Let t be i(r). What is the units digit of c(t)?
4
Let n(u) = -u**3 + 4*u**2 + 7*u. Let f be n(5). Suppose 2*i + 0*i - f = 0. What is the units digit of i?
5
Let i(c) = -39*c - 2. Let n(k) = k**2 - 2*k - 4. Let a be n(3). What is the tens digit of i(a)?
3
Let g = -46 - -52. What is the units digit of g?
6
Suppose -3 = 3*n, 16 = 3*m + 4*n - 16. What is the units digit of (m/(-8))/((-2)/20)?
5
Suppose -2*b - 3 = -11. Suppose 32 = 3*r - b*t, 4*r - 4*t - 9 = 35. What is the units digit of r?
2
Let b(l) = -l**3 + 6*l**2 + 9. Let h(i) = 1. Let f(x) = b(x) - 4*h(x). What is the units digit of f(6)?
5
Let c be (-2)/4*3*4. Let o(b) = 1 + b**2 - 6 + 0*b + 5*b + 1. What is the units digit of o(c)?
2
Let m = -96 + 61. What is the units digit of 2/(-3) + m/(-21)?
1
Suppose 21 = -4*p + 5*v, p + 3*p - v = -17. Let s be 141/(-21) - p/(-14). Let y = 12 + s. What is the units digit of y?
5
Let g be 1*-2*(-18)/(-12). What is the tens digit of 3 - (g + -14 + 0)?
2
Let p(w) = -10*w + 6. Let l be p(-3). Let s = -18 + l. What is the tens digit of s?
1
Suppose 2*z - 2*i = 190, 481 = 5*z - i - i. What is the tens digit of z?
9
Let f be 14/7*5/1. Suppose -5*s + 2*s - 2*b + 78 = 0, 3*s - 3*b = 63. Suppose -5*c + s = -q, 3*c - 4*q = -f + 21. What is the units digit of c?
5
Let q(t) = 11*t - 1. Let y be q(1). What is the tens digit of (132/(-10))/((-3)/y)?
4
Let b(x) be the third derivative of -x**5/60 - 7*x**4/24 - 5*x**3/6 + 2*x**2. What is the units digit of b(-4)?
7
Suppose -5*a = -0*a - 4*s - 130, 3*a - 78 = 2*s. What is the units digit of a?
6
Let i(b) = b**3 + 5*b**2 + b - 4. Let a be i(-5). What is the units digit of (a/15)/(3/(-45))?
9
Let l = -1 + 29. Suppose l = 5*n + 3. Suppose 5*c = -3*t + 22 + 43, -n = -c + t. What is the units digit of c?
0
Let q = -140 - -344. What is the tens digit of q?
0
Let q(d) be the first derivative of -d**4/4 - d**3/3 - d**2/2 + 6*d + 1. What is the units digit of q(0)?
6
Let s(m) = 41*m + 4. Let w be s(2). What is the units digit of w/4 - 4/8?
1
Suppose z + 2*o = 0, 1 = -2*z + 4*z + 5*o. What is the units digit of (-1 - z)*1*37?
7
Suppose -4*m = 4 - 12. Suppose 0*x + m*x = 70. What is the units digit of x?
5
Suppose -3*y = -2*d - 0*d + 32, -d + 21 = -4*y. Let q = 31 - d. What is the units digit of q?
8
Let z(i) = 3*i + 37. What is the tens digit of z(0)?
3
Let b(j) = j**2 + 6. What is the tens digit of b(5)?
3
Suppose x + 0*x = 0. Suppose x*m + 3*s + 47 = 4*m, 4*m - 7 = -5*s. What is the units digit of m?
8
Let m(d) = 2*d**2 + 12*d + 16. What is the tens digit of m(-7)?
3
Suppose 2*m + 20 = 7*m. Let x = m - -16. Let c = x + -11. What is the units digit of c?
9
Let t(p) = 11*p**3 - p**2 + p + 1. Let r be 1 + 4/(4/(-2)). Let x be t(r). Let o = -7 - x. What is the units digit of o?
5
Suppose 0 = 2*a - 5*a - 138. Let d = -7 - a. What is the units digit of d?
9
Let a be (-20)/(-11) - (-4)/22. Suppose 0 = a*p - 23 - 3. What is the tens digit of p?
1
Let y(d) = -d**2 + 6*d. Let t be y(3). Let h = t - 5. What is the tens digit of (10/h*8)/2?
1
What is the units digit of (120/(-45))/(((-10)/(-36))/(-5))?
8
Let r be (-1 - -2) + 3/3. Suppose r*b - 4*f + 2 = -4, 5*b - f + 6 = 0. Let v = b + 22. What is the units digit of v?
1
Let f(d) = 18*d. Let q be f(1). Let l = q - 6. What is the units digit of l?
2
Let w = -12 - -45. What is the units digit of w?
3
What is the tens digit of ((-8)/2)/(1*(-1)/21)?
8
Suppose -2*c - 6 = -5*r, -7 - 8 = 5*c. Suppose 77 = 3*w - 2*i, -5*w + 2*i = -r*i - 131. What is the tens digit of w?
2
Let b(q) = -4*q**3 - 8*q**2 + 6*q + 8. Let p(h) = 3*h**3 + 7*h**2 - 6*h - 7. Let c(x) = -2*b(x) - 3*p(x). What is the units digit of c(-6)?
5
Suppose -2*l - i = -4*i - 549, 2*i - 804 = -3*l. What is the units digit of l?
0
Let c(x) = -4*x - x**3 + 2 - x**3 + x**3 + 8*x**2. Let i be c(6). Suppose w = -4*w + i. What is the tens digit of w?
1
Suppose 54*g - 1375 = 49*g. What is the hundreds digit of g?
2
Let f(q) = q**3 + 5*q**2 + 2*q + 2. Let z be f(-5). Let s be ((-6)/(-4))/((-6)/z). Suppose -o - 3*y = 2*y - 18, s*o + 5*y = 21. What is the units digit of o?
3
Let k be (-131)/(-7) - 6/(-21). Let q = k - 2. What is the tens digit of q?
1
What is the tens digit of 11/((-495)/(-11170)) - 2/9?
4
Let q be 23/(-7) + 6/21. Let n = q + 8. Suppose n*k = k + 4. What is the units digit of k?
1
What is the tens digit of (33/(-4))/(30/(-400))?
1
Suppose -6 = -l - 2*l. Let m be l/6 - 16/(-6). Suppose -6*z + m*z = -15. What is the units digit of z?
5
Let r = 97 - 41. What is the tens digit of r?
5
What is the units digit of 4/(-3 + 7) + 2?
3
Let l(o) = 3*o**2 - 2*o - 1. Let y be l(-2). Let m be (0 - -1)/((-2)/(-10)). Suppose -4*v = -5*t + y + 15, -t = -m*v - 6. What is the units digit of t?
6
Suppose 7 = 2*m + 1. Suppose 5*w - 27 = 3*w - 3*v, v + 13 = m*w. What is the units digit of w?
6
Suppose 5*p - 3*m + 122 = 347, 5*m = -p + 45. Suppose -p = -2*t - t. What is the units digit of t?
5
Let l = 178 + -68. What is the units digit of l?
0
Suppose -2*i - i - o = 33, -12 = 4*o. Let p = 23 + i. Suppose 3*c = 5*h, -4*h + p = -8*h + 5*c. What is the units digit of h?
3
Let y be (1 - 0)/(2/4). Suppose 3*g - 12 = p, -g - y*g - 2*p + 12 = 0. What is the units digit of 2/g*(3 - 1)?
1
Let z be (-3824)/36 + (-4)/(-18). What is the units digit of (-12)/18 - z/6?
7
Suppose s - 5*m - 43 = 13, -2*s = 4*m - 182. Let r be (40/6)/(6/s). Suppose 8*l - 3*l = r. What is the tens digit of l?
1
Suppose -3*o + 39 = 3. Suppose -8 = -q + o. What is the units digit of (-14)/(-5) + 4/q?
3
Let o = -8 - -50. What is the units digit of o?
2
Suppose -7*a = -2*a - 925. What is the units digit of a?
5
Suppose 200 = 6*g - g. What is the tens digit of g?
4
Let b(d) = -d - 4. Let u be b(4). Let h(v) = v**3 - v**2 - v - 3. Let r be h(3). Let k = u + r. What is the units digit of k?
4
Suppose 3*h - 4*a = 98 + 148, 0 = 4*h + 2*a - 306. What is the units digit of h?
8
Suppose -2*q + 66 = -12. What is the units digit of q?
9
Let l(j) = -5 - 2 + 7*j**2 - 10*j - 6*j**3 + 7*j**3. Let h be (-4)/(-2 - (-10)/4). What is the units digit of l(h)?
9
Let b = -26 + 13. Let q = b - -21. What is the units digit of q?
8
Let d be (-4)/18 - 930/(-54). Let m = d + -5. Suppose -2*q + m = q. What is the units digit of q?
4
Let r be 1/2 + 6/4. Let k = -24 + 24. Suppose -r*i + k*i = -8. What is the units digit of i?
4
Let o(z) = z. Let v be o(2). Let d be ((-3)/(-9))/(v/(-6)). Let j = d - -5. What is the units digit of j?
4
Let d = -2 + -5. Let w(t) = t**2 + 5*t - 2. What is the units digit of w(d)?
2
Let c(w) = w**2 - 8*w + 9. Let m be c(9). Let a = m - 10. What is the units digit of a?
8
Suppose 2*p - 6 = -0. What is the units digit of p/(58/(-32) + 2)?
6
Let x(g) = -13*g - 6. What is the tens digit of x(-6)?
7
Let o = -7 - -9. Suppose o*t - 20 = -2*b, -2 = -t - 5*b - 0. Suppose x - 8 = -l, -2*l = 3*x - 5*l - t. What is the units digit of x?
6
Suppose -3*k + 35 = -7. Let h = -6 + k. What is the units digit of h?
8
Suppose